mmon factor of 186 and 245002.
2
What is the greatest common divisor of 4 and 106171047?
1
Calculate the highest common divisor of 256947 and 78843.
123
What is the highest common divisor of 169286224 and 5368?
488
Calculate the greatest common factor of 1611379 and 424116.
1309
What is the highest common factor of 1966710 and 330?
30
What is the greatest common factor of 5773792 and 1760?
32
What is the greatest common divisor of 833 and 3265717?
119
Calculate the highest common factor of 28749 and 61999.
7
Calculate the greatest common factor of 2036 and 18482299.
509
What is the highest common divisor of 100955322 and 2052?
1026
Calculate the highest common divisor of 14145400 and 280.
40
What is the highest common factor of 6413 and 3963817?
583
Calculate the highest common factor of 18 and 147220758.
18
Calculate the greatest common factor of 6381 and 688176.
9
What is the highest common factor of 459297 and 2241?
27
What is the greatest common factor of 1902 and 10380?
6
Calculate the greatest common factor of 927808 and 27328.
448
Calculate the highest common divisor of 713657064 and 736.
184
What is the highest common factor of 16 and 6639632?
16
Calculate the highest common factor of 5496 and 83864838.
1374
Calculate the highest common factor of 2515446 and 318.
6
Calculate the greatest common factor of 9996 and 205464.
84
What is the highest common factor of 22 and 3450308?
2
What is the highest common divisor of 11523 and 683813?
23
What is the greatest common divisor of 35695 and 81917?
121
What is the greatest common divisor of 355 and 220314065?
355
Calculate the greatest common divisor of 6594025 and 25.
25
Calculate the greatest common divisor of 82334 and 1610.
14
What is the highest common divisor of 46782 and 574?
2
What is the highest common divisor of 70286055 and 147?
21
Calculate the highest common factor of 420096 and 807.
3
Calculate the highest common factor of 9565013 and 3239.
41
What is the highest common divisor of 24 and 247323576?
24
Calculate the greatest common factor of 108514 and 291571.
161
What is the highest common divisor of 10 and 1412410?
10
Calculate the highest common divisor of 1269 and 37211827.
47
What is the greatest common factor of 5161720 and 1280?
40
Calculate the highest common factor of 150376512 and 16224.
1248
What is the greatest common factor of 155110 and 4710?
10
What is the greatest common divisor of 15700 and 5468?
4
What is the highest common factor of 81 and 14928?
3
What is the greatest common divisor of 264 and 1661496?
24
Calculate the highest common factor of 640 and 65187040.
160
What is the highest common divisor of 164768 and 13946?
38
Calculate the greatest common factor of 2509300 and 58650.
1150
What is the greatest common factor of 4112 and 7364849?
257
What is the greatest common factor of 73656 and 1568538?
1674
Calculate the greatest common divisor of 54 and 98050590.
18
Calculate the highest common factor of 36 and 600724.
4
Calculate the greatest common divisor of 71355 and 330243.
201
What is the highest common factor of 16836 and 4930855?
23
What is the highest common factor of 1504952104 and 524?
524
Calculate the greatest common factor of 1541140 and 14990.
10
What is the greatest common factor of 370 and 12540595?
185
Calculate the highest common divisor of 8989602 and 1356.
678
Calculate the greatest common factor of 3879669 and 747.
249
What is the greatest common divisor of 54 and 23275338?
6
Calculate the highest common factor of 1090 and 74167960.
1090
What is the highest common divisor of 33304123 and 412?
103
Calculate the greatest common factor of 646151197 and 446.
223
What is the greatest common divisor of 115192 and 228844?
308
What is the highest common divisor of 127197 and 11151?
189
Calculate the greatest common factor of 330 and 73768420.
110
What is the greatest common factor of 234 and 66275001?
117
What is the greatest common divisor of 69950 and 4850?
50
Calculate the greatest common divisor of 1181456564 and 179.
179
What is the greatest common factor of 9367870 and 1160?
290
Calculate the highest common factor of 232523529 and 651.
651
What is the greatest common divisor of 245 and 34962?
1
What is the greatest common divisor of 1701184 and 2451?
19
What is the greatest common divisor of 60 and 2022255?
15
What is the greatest common divisor of 948 and 60468?
12
Calculate the highest common factor of 16297005 and 45.
15
What is the highest common factor of 111 and 1782327?
111
What is the highest common divisor of 56510 and 8710?
10
Calculate the greatest common divisor of 53106 and 99216.
318
What is the highest common factor of 35569655 and 495?
55
Calculate the greatest common factor of 34048 and 5548.
76
What is the highest common factor of 3390 and 740730?
30
What is the highest common factor of 3586 and 714272031?
1793
What is the greatest common divisor of 84786678 and 54?
18
Calculate the greatest common factor of 5460 and 2450812.
364
Calculate the highest common divisor of 523 and 69061627.
523
Calculate the greatest common divisor of 58 and 20163149.
29
Calculate the highest common divisor of 3819 and 409488.
57
What is the highest common divisor of 80 and 408162840?
40
Calculate the greatest common divisor of 2265000 and 75.
75
What is the greatest common factor of 122781970 and 160?
10
What is the highest common divisor of 7155432 and 211?
211
What is the highest common factor of 2387892 and 2028?
156
What is the greatest common factor of 357735 and 65205?
105
Calculate the greatest common divisor of 1213768 and 32.
8
What is the highest common factor of 76979409 and 39?
39
Calculate the greatest common factor of 85647287 and 176.
11
What is the highest common factor of 218688723 and 396?
99
What is the highest common factor of 114 and 2433938?
38
What is the greatest common factor of 3990266 and 2107?
49
Calculate the highest common factor of 173603389 and 41.
41
Calculate the greatest common divisor of 5400 and 13307400.
1800
Calculate the highest common factor of 1785005 and 5.
5
Calculate the highest common divisor of 8884593 and 6.
3
What is the highest common divisor of 204 and 42723108?
204
Calculate the highest common divisor of 38696 and 37128.
56
What is the greatest common divisor of 47157240 and 20748?
2964
What is the highest common factor of 33115378 and 682?
62
What is the greatest common divisor of 10477605 and 85?
5
What is the highest common factor of 3 and 27328416?
3
Calculate the greatest common divisor of 750 and 342080.
10
What is the greatest common factor of 16416063 and 108?
9
What is the highest common divisor of 137958 and 174?
6
What is the highest common divisor of 243720 and 197684?
2708
What is the highest common factor of 4565 and 211899?
83
What is the greatest common divisor of 5348337 and 9579?
93
What is the highest common divisor of 2106093 and 1309803?
627
Calculate the greatest common factor of 21964561 and 18122.
697
Calculate the highest common factor of 452986 and 182174.
158
Calculate the highest common factor of 76505 and 41824695.
5885
What is the greatest common factor of 4053 and 1336587?
21
Calculate the highest common divisor of 5226 and 398522566.
1742
What is the highest common factor of 1656 and 882936?
72
What is the highest common divisor of 187872 and 512?
32
Calculate the highest common divisor of 198 and 492121476.
198
Calculate the highest common factor of 1302155 and 899.
31
What is the greatest common factor of 402 and 40796166?
402
What is the greatest common factor of 252 and 26415172?
28
Calculate the greatest common factor of 1 and 7862213.
1
Calculate the greatest common factor of 4290 and 8695830.
4290
What is the highest common factor of 414678 and 6039?
2013
Calculate the highest common factor of 96154 and 15982.
262
Calculate the highest common factor of 363414 and 10455519.
4911
Calculate the greatest common factor of 571109554 and 166.
166
What is the greatest common factor of 531223774 and 73?
73
What is the highest common divisor of 1611620 and 188795?
305
What is the highest common divisor of 6843268 and 9462?
38
Calculate the highest common factor of 1116383 and 722.
19
Calculate the greatest common factor of 9130 and 10268760.
830
What is the hi